29
Calculate the remainder when 985226 is divided by 7697.
10
What is the remainder when 12455 is divided by 5821?
813
Calculate the remainder when 17852 is divided by 63.
23
Calculate the remainder when 23697 is divided by 23575.
122
What is the remainder when 18894 is divided by 6245?
159
Calculate the remainder when 18078 is divided by 32.
30
Calculate the remainder when 44006 is divided by 156.
14
Calculate the remainder when 191827 is divided by 783.
775
Calculate the remainder when 103082 is divided by 421.
358
What is the remainder when 919 is divided by 903?
16
Calculate the remainder when 1310 is divided by 365.
215
Calculate the remainder when 1081 is divided by 312.
145
What is the remainder when 78079 is divided by 172?
163
What is the remainder when 5377 is divided by 39?
34
Calculate the remainder when 4913 is divided by 124.
77
What is the remainder when 635 is divided by 118?
45
Calculate the remainder when 10996 is divided by 493.
150
What is the remainder when 4205 is divided by 981?
281
What is the remainder when 14537 is divided by 4788?
173
Calculate the remainder when 57228 is divided by 3575.
28
What is the remainder when 29047 is divided by 415?
412
What is the remainder when 234428 is divided by 595?
593
Calculate the remainder when 4840600 is divided by 605.
600
Calculate the remainder when 1902 is divided by 1629.
273
Calculate the remainder when 12717 is divided by 2118.
9
Calculate the remainder when 5658 is divided by 1700.
558
Calculate the remainder when 9003 is divided by 117.
111
Calculate the remainder when 88774 is divided by 108.
106
What is the remainder when 1590255 is divided by 5409?
9
What is the remainder when 14959 is divided by 825?
109
Calculate the remainder when 690783 is divided by 39.
15
Calculate the remainder when 135105 is divided by 61.
51
What is the remainder when 5742 is divided by 550?
242
Calculate the remainder when 24962 is divided by 609.
602
What is the remainder when 11331 is divided by 565?
31
What is the remainder when 1217 is divided by 623?
594
What is the remainder when 108868 is divided by 38?
36
Calculate the remainder when 20672 is divided by 153.
17
Calculate the remainder when 238 is divided by 227.
11
What is the remainder when 1519 is divided by 250?
19
Calculate the remainder when 439863 is divided by 126.
123
Calculate the remainder when 4687 is divided by 362.
343
Calculate the remainder when 8501 is divided by 1413.
23
What is the remainder when 666897 is divided by 938?
917
What is the remainder when 2146 is divided by 577?
415
Calculate the remainder when 3473 is divided by 202.
39
What is the remainder when 32658 is divided by 53?
10
What is the remainder when 460 is divided by 184?
92
Calculate the remainder when 34374 is divided by 30.
24
Calculate the remainder when 637371 is divided by 31868.
11
What is the remainder when 3438 is divided by 16?
14
Calculate the remainder when 808499 is divided by 11229.
11
What is the remainder when 7570 is divided by 161?
3
What is the remainder when 10227 is divided by 1391?
490
Calculate the remainder when 84182 is divided by 21.
14
Calculate the remainder when 25222 is divided by 1935.
67
What is the remainder when 37285 is divided by 118?
115
Calculate the remainder when 260 is divided by 159.
101
What is the remainder when 7014814 is divided by 8?
6
Calculate the remainder when 7191 is divided by 3297.
597
What is the remainder when 24695 is divided by 8212?
59
Calculate the remainder when 72798 is divided by 241.
16
Calculate the remainder when 412 is divided by 206.
0
Calculate the remainder when 12599 is divided by 420.
419
What is the remainder when 16071 is divided by 149?
128
Calculate the remainder when 14001 is divided by 604.
109
Calculate the remainder when 2612 is divided by 204.
164
What is the remainder when 180728 is divided by 1863?
17
Calculate the remainder when 7234 is divided by 54.
52
Calculate the remainder when 133151 is divided by 16.
15
Calculate the remainder when 49896 is divided by 5.
1
What is the remainder when 1315722 is divided by 41?
32
Calculate the remainder when 2347 is divided by 56.
51
Calculate the remainder when 1022387 is divided by 900.
887
Calculate the remainder when 93287 is divided by 784.
775
What is the remainder when 2322 is divided by 2085?
237
What is the remainder when 1748 is divided by 77?
54
What is the remainder when 6783 is divided by 966?
21
Calculate the remainder when 3208 is divided by 247.
244
Calculate the remainder when 1946 is divided by 65.
61
What is the remainder when 10836 is divided by 3346?
798
Calculate the remainder when 95932 is divided by 177.
175
What is the remainder when 26489 is divided by 757?
751
Calculate the remainder when 6370 is divided by 637.
0
What is the remainder when 382496 is divided by 250?
246
What is the remainder when 554262 is divided by 981?
978
What is the remainder when 7543 is divided by 689?
653
Calculate the remainder when 7189278 is divided by 2096.
2094
What is the remainder when 11452 is divided by 50?
2
Calculate the remainder when 138740 is divided by 802.
796
Calculate the remainder when 13337 is divided by 13317.
20
What is the remainder when 86409 is divided by 216?
9
What is the remainder when 172267 is divided by 13251?
4
Calculate the remainder when 189341 is divided by 65.
61
Calculate the remainder when 5739 is divided by 66.
63
Calculate the remainder when 3445 is divided by 282.
61
What is the remainder when 360733 is divided by 13?
9
Calculate the remainder when 107559 is divided by 53778.
3
What is the remainder when 11097551 is divided by 656?
655
Calculate the remainder when 83128 is divided by 259.
248
Calculate the remainder when 311521 is divided by 3799.
3
Calculate the remainder when 2744 is divided by 181.
29
What is the remainder when 209257 is divided by 95?
67
Calculate the remainder when 150144 is divided by 325.
319
Calculate the remainder when 783 is divided by 133.
118
What is the remainder when 93553 is divided by 231?
229
What is the remainder when 16183 is divided by 1779?
172
Calculate the remainder when 48121 is divided by 535.
506
What is the remainder when 25914 is divided by 30?
24
Calculate the remainder when 1388 is divided by 51.
11
Calculate the remainder when 1810155 is divided by 2.
1
Calculate the remainder when 4049 is divided by 101.
9
Calculate the remainder when 1942 is divided by 352.
182
What is the remainder when 521263 is divided by 65?
28
Calculate the remainder when 4477 is divided by 358.
181
Calculate the remainder when 1372 is divided by 339.
16
What is the remainder when 9221 is divided by 281?
229
What is the remainder when 284103 is divided by 787?
783
What is the remainder when 30469 is divided by 7487?
521
Calculate the remainder when 406781 is divided by 183.
155
Calculate the remainder when 175576 is divided by 1228.
1200
What is the remainder when 16492 is divided by 117?
112
Calculate the remainder when 777403 is divided by 1109.
1103
What is the remainder when 2156 is divided by 125?
31
What is the remainder when 202243 is divided by 24?
19
Calculate the remainder when 90919 is divided by 629.
343
What is the remainder when 1796 is divided by 150?
146
Calculate the remainder when 14971 is divided by 3493.
999
What is the remainder when 3794 is divided by 429?
362
Calculate the remainder when 176493 is divided by 8.
5
Calculate the remainder when 522190 is divided by 26109.
10
Calculate the remainder when 4310551 is divided by 142.
141
Calculate the remainder when 61598 is divided by 7696.
30
What is the remainder when 1468 is divided by 34?
6
What is the remainder when 49517 is divided by 9902?
7
What is the remainder when 201837 is divided by 100917?
3
What is the remainder when 7992 is divided by 572?
556
What is the remainder when 170710 is divided by 17?
13
What is the remainder when 185 is divided by 105?
80
What is the remainder when 284504 is divided by 39?
38
Calculate the remainder when 13883 is divided by 814.
45
What is the remainder when 11429 is divided by 4960?
1509
Calculate the remainder when 2314 is divided by 235.
199
What is the remainder when 36108 is divided by 5?
3
Calculate the remainder when 1200 is divided by 559.
82
Cal